{"id":4577,"date":"2017-07-07T12:36:46","date_gmt":"2017-07-07T09:36:46","guid":{"rendered":"http:\/\/kts.local\/urun\/6211038\/"},"modified":"2025-08-11T18:43:44","modified_gmt":"2025-08-11T15:43:44","slug":"6211038","status":"publish","type":"product","link":"https:\/\/kts.ist\/?product=6211038","title":{"rendered":"6211038"},"content":{"rendered":"","protected":false},"excerpt":{"rendered":"<p>90\u02da D\u00f6n\u00fc\u015f<\/p>\n<p>\u00dcr\u00fcn Tan\u0131m\u0131 Geni\u015flik (mm) \u00dcr\u00fcn Kodu<br \/>\nLBI 90 620 NS FS 200 6211038<br \/>\nLBI 90 630 NS FS 300 6211046<br \/>\nLBI 90 640 NS FS 400 6211054<br \/>\nLBI 90 650 NS FS 500 6211062<br \/>\nLBI 90 660 NS FS 600 6211070<br \/>\nLBI 90 620 VS FT 200 6211321<br \/>\nLBI 90 630 VS FT 300 6211348<br \/>\nLBI 90 640 VS FT 400 6211356<br \/>\nLBI 90 650 VS FT 500 6211364<br \/>\nLBI 90 660 VS FT 600 6211372<\/p>\n","protected":false},"featured_media":4284,"comment_status":"closed","ping_status":"closed","template":"","meta":[],"product_cat":[275,316],"product_tag":[],"class_list":{"0":"post-4577","1":"product","2":"type-product","3":"status-publish","4":"has-post-thumbnail","6":"product_cat-endustriyel-kablo-sistemleri","7":"product_cat-merdiven653","9":"first","10":"instock","11":"shipping-taxable","12":"product-type-grouped","13":"add-to-wishlist-after_add_to_cart"},"_links":{"self":[{"href":"https:\/\/kts.ist\/index.php?rest_route=\/wp\/v2\/product\/4577","targetHints":{"allow":["GET"]}}],"collection":[{"href":"https:\/\/kts.ist\/index.php?rest_route=\/wp\/v2\/product"}],"about":[{"href":"https:\/\/kts.ist\/index.php?rest_route=\/wp\/v2\/types\/product"}],"replies":[{"embeddable":true,"href":"https:\/\/kts.ist\/index.php?rest_route=%2Fwp%2Fv2%2Fcomments&post=4577"}],"wp:featuredmedia":[{"embeddable":true,"href":"https:\/\/kts.ist\/index.php?rest_route=\/wp\/v2\/media\/4284"}],"wp:attachment":[{"href":"https:\/\/kts.ist\/index.php?rest_route=%2Fwp%2Fv2%2Fmedia&parent=4577"}],"wp:term":[{"taxonomy":"product_cat","embeddable":true,"href":"https:\/\/kts.ist\/index.php?rest_route=%2Fwp%2Fv2%2Fproduct_cat&post=4577"},{"taxonomy":"product_tag","embeddable":true,"href":"https:\/\/kts.ist\/index.php?rest_route=%2Fwp%2Fv2%2Fproduct_tag&post=4577"}],"curies":[{"name":"wp","href":"https:\/\/api.w.org\/{rel}","templated":true}]}}