{"id":4567,"date":"2017-07-07T12:30:15","date_gmt":"2017-07-07T09:30:15","guid":{"rendered":"http:\/\/kts.local\/urun\/6203027\/"},"modified":"2025-08-11T18:43:45","modified_gmt":"2025-08-11T15:43:45","slug":"6203027","status":"publish","type":"product","link":"https:\/\/kts.ist\/?product=6203027","title":{"rendered":"6203027"},"content":{"rendered":"","protected":false},"excerpt":{"rendered":"<p>90\u02da D\u00f6n\u00fc\u015f<\/p>\n<p>\u00dcr\u00fcn Tan\u0131m\u0131 Geni\u015flik (mm) \u00dcr\u00fcn Kodu<br \/>\nLBI 90 420 NS FS 200 6203027<br \/>\nLBI 90 430 NS FS 300 6203035<br \/>\nLBI 90 440 NS FS 400 6203043<br \/>\nLBI 90 450 NS FS 500 6203051<br \/>\nLBI 90 460 NS FS 600 6203078<br \/>\nLBI 90 420 NS FT 200 6203124<br \/>\nLBI 90 430 NS FT 300 6203132<br \/>\nLBI 90 440 NS FT 400 6203140<br \/>\nLBI 90 450 NS FT 500 6203159<br \/>\nLBI 90 460 NS FT 600 6203167<\/p>\n","protected":false},"featured_media":4293,"comment_status":"closed","ping_status":"closed","template":"","meta":[],"product_cat":[275,311],"product_tag":[],"class_list":{"0":"post-4567","1":"product","2":"type-product","3":"status-publish","4":"has-post-thumbnail","6":"product_cat-endustriyel-kablo-sistemleri","7":"product_cat-merdiven453","9":"first","10":"instock","11":"shipping-taxable","12":"product-type-grouped","13":"add-to-wishlist-after_add_to_cart"},"_links":{"self":[{"href":"https:\/\/kts.ist\/index.php?rest_route=\/wp\/v2\/product\/4567","targetHints":{"allow":["GET"]}}],"collection":[{"href":"https:\/\/kts.ist\/index.php?rest_route=\/wp\/v2\/product"}],"about":[{"href":"https:\/\/kts.ist\/index.php?rest_route=\/wp\/v2\/types\/product"}],"replies":[{"embeddable":true,"href":"https:\/\/kts.ist\/index.php?rest_route=%2Fwp%2Fv2%2Fcomments&post=4567"}],"wp:featuredmedia":[{"embeddable":true,"href":"https:\/\/kts.ist\/index.php?rest_route=\/wp\/v2\/media\/4293"}],"wp:attachment":[{"href":"https:\/\/kts.ist\/index.php?rest_route=%2Fwp%2Fv2%2Fmedia&parent=4567"}],"wp:term":[{"taxonomy":"product_cat","embeddable":true,"href":"https:\/\/kts.ist\/index.php?rest_route=%2Fwp%2Fv2%2Fproduct_cat&post=4567"},{"taxonomy":"product_tag","embeddable":true,"href":"https:\/\/kts.ist\/index.php?rest_route=%2Fwp%2Fv2%2Fproduct_tag&post=4567"}],"curies":[{"name":"wp","href":"https:\/\/api.w.org\/{rel}","templated":true}]}}