{"id":4533,"date":"2017-07-06T11:27:42","date_gmt":"2017-07-06T08:27:42","guid":{"rendered":"http:\/\/kts.local\/urun\/7005326-2\/"},"modified":"2025-08-11T18:43:46","modified_gmt":"2025-08-11T15:43:46","slug":"7005326-2","status":"publish","type":"product","link":"https:\/\/kts.ist\/?product=7005326-2","title":{"rendered":"7005326"},"content":{"rendered":"","protected":false},"excerpt":{"rendered":"<p>3 Yollu Ba\u011flant\u0131 Par\u00e7as\u0131<\/p>\n<p>\u00dcr\u00fcn Tan\u0131m\u0131 Geni\u015flik (mm) \u00dcr\u00fcn Kodu<br \/>\nRGBEV 610 FS 100 7005326<br \/>\nRGBEV 615 FS 150 7005334<br \/>\nRGBEV 620 FS 200 7005342<br \/>\nRGBEV 630 FS 300 7005369<br \/>\nRGBEV 640 FS 400 7005386<br \/>\nRGBEV 650 FS 500 7005407<br \/>\nRGBEV 660 FS 600 7005423<br \/>\nRGBEV 610 FT 100 7075103<br \/>\nRGBEV 615 FT 150 7075154<br \/>\nRGBEV 620 FT 200 7075200<br \/>\nRGBEV 630 FT 300 7075308<br \/>\nRGBEV 640 FT 400 7075405<br \/>\nRGBEV 650 FT 500 7075502<br \/>\nRGBEV 660 FT 600 7075596<\/p>\n","protected":false},"featured_media":4323,"comment_status":"closed","ping_status":"closed","template":"","meta":[],"product_cat":[278,292],"product_tag":[],"class_list":{"0":"post-4533","1":"product","2":"type-product","3":"status-publish","4":"has-post-thumbnail","6":"product_cat-kablo-kanal-sistemleri","7":"product_cat-kanal605","9":"first","10":"instock","11":"shipping-taxable","12":"product-type-grouped","13":"add-to-wishlist-after_add_to_cart"},"_links":{"self":[{"href":"https:\/\/kts.ist\/index.php?rest_route=\/wp\/v2\/product\/4533","targetHints":{"allow":["GET"]}}],"collection":[{"href":"https:\/\/kts.ist\/index.php?rest_route=\/wp\/v2\/product"}],"about":[{"href":"https:\/\/kts.ist\/index.php?rest_route=\/wp\/v2\/types\/product"}],"replies":[{"embeddable":true,"href":"https:\/\/kts.ist\/index.php?rest_route=%2Fwp%2Fv2%2Fcomments&post=4533"}],"wp:featuredmedia":[{"embeddable":true,"href":"https:\/\/kts.ist\/index.php?rest_route=\/wp\/v2\/media\/4323"}],"wp:attachment":[{"href":"https:\/\/kts.ist\/index.php?rest_route=%2Fwp%2Fv2%2Fmedia&parent=4533"}],"wp:term":[{"taxonomy":"product_cat","embeddable":true,"href":"https:\/\/kts.ist\/index.php?rest_route=%2Fwp%2Fv2%2Fproduct_cat&post=4533"},{"taxonomy":"product_tag","embeddable":true,"href":"https:\/\/kts.ist\/index.php?rest_route=%2Fwp%2Fv2%2Fproduct_tag&post=4533"}],"curies":[{"name":"wp","href":"https:\/\/api.w.org\/{rel}","templated":true}]}}