{"id":4526,"date":"2017-07-06T11:22:27","date_gmt":"2017-07-06T08:22:27","guid":{"rendered":"http:\/\/kts.local\/urun\/6043615\/"},"modified":"2025-08-11T18:43:55","modified_gmt":"2025-08-11T15:43:55","slug":"6043615","status":"publish","type":"product","link":"https:\/\/kts.ist\/?product=6043615","title":{"rendered":"6043615"},"content":{"rendered":"","protected":false},"excerpt":{"rendered":"<p>4 Yollu Ba\u011flant\u0131 Par\u00e7as\u0131<\/p>\n<p>\u00dcr\u00fcn Tan\u0131m\u0131 Geni\u015flik (mm) \u00dcr\u00fcn Kodu<br \/>\nRK 610 FS 100 6043615<br \/>\nRK 615 FS 150 6043607<br \/>\nRK 620 FS 200 6043623<br \/>\nRK 630 FS 300 6043631<br \/>\nRK 640 FS 400 7004397<br \/>\nRK 650 FS 500 7004419<br \/>\nRK 660 FS 600 7004435<br \/>\nRK 610 FT 100 7113110<br \/>\nRK 620 FT 200 7113218<br \/>\nRK 630 FT 300 7113315<br \/>\nRK 640 FT 400 7113404<br \/>\nRK 650 FT 500 7113501<br \/>\nRK 660 FT 600 7113609<\/p>\n","protected":false},"featured_media":4330,"comment_status":"closed","ping_status":"closed","template":"","meta":[],"product_cat":[278,291],"product_tag":[],"class_list":{"0":"post-4526","1":"product","2":"type-product","3":"status-publish","4":"has-post-thumbnail","6":"product_cat-kablo-kanal-sistemleri","7":"product_cat-kanal604","9":"first","10":"instock","11":"shipping-taxable","12":"product-type-grouped","13":"add-to-wishlist-after_add_to_cart"},"_links":{"self":[{"href":"https:\/\/kts.ist\/index.php?rest_route=\/wp\/v2\/product\/4526","targetHints":{"allow":["GET"]}}],"collection":[{"href":"https:\/\/kts.ist\/index.php?rest_route=\/wp\/v2\/product"}],"about":[{"href":"https:\/\/kts.ist\/index.php?rest_route=\/wp\/v2\/types\/product"}],"replies":[{"embeddable":true,"href":"https:\/\/kts.ist\/index.php?rest_route=%2Fwp%2Fv2%2Fcomments&post=4526"}],"wp:featuredmedia":[{"embeddable":true,"href":"https:\/\/kts.ist\/index.php?rest_route=\/wp\/v2\/media\/4330"}],"wp:attachment":[{"href":"https:\/\/kts.ist\/index.php?rest_route=%2Fwp%2Fv2%2Fmedia&parent=4526"}],"wp:term":[{"taxonomy":"product_cat","embeddable":true,"href":"https:\/\/kts.ist\/index.php?rest_route=%2Fwp%2Fv2%2Fproduct_cat&post=4526"},{"taxonomy":"product_tag","embeddable":true,"href":"https:\/\/kts.ist\/index.php?rest_route=%2Fwp%2Fv2%2Fproduct_tag&post=4526"}],"curies":[{"name":"wp","href":"https:\/\/api.w.org\/{rel}","templated":true}]}}