{"id":4523,"date":"2017-07-06T11:18:25","date_gmt":"2017-07-06T08:18:25","guid":{"rendered":"http:\/\/kts.local\/urun\/6043126\/"},"modified":"2025-08-11T18:43:56","modified_gmt":"2025-08-11T15:43:56","slug":"6043126","status":"publish","type":"product","link":"https:\/\/kts.ist\/?product=6043126","title":{"rendered":"6043126"},"content":{"rendered":"","protected":false},"excerpt":{"rendered":"<p>90\u02da D\u00f6n\u00fc\u015f<\/p>\n<p>\u00dcr\u00fcn Tan\u0131m\u0131 Geni\u015flik (mm) \u00dcr\u00fcn Kodu<br \/>\nRB 90 610 FS 100 6043126<br \/>\nRB 90 615 FS 150 6043208<br \/>\nRB 90 620 FS 200 6043224<br \/>\nRB 90 630 FS 300 6043232<br \/>\nRB 90 640 FS 400 7001290<br \/>\nRB 90 650 FS 500 7001304<br \/>\nRB 90 660 FS 600 7001312<br \/>\nRB 90 605 FT 50 7125098<br \/>\nRB 90 610 FT 100 7125100<br \/>\nRB 90 615 FT 150 7125189<br \/>\nRB 90 620 FT 200 7125220<br \/>\nRB 90 630 FT 300 7125305<br \/>\nRB 90 640 FT 400 7125410<br \/>\nRB 90 650 FT 500 7125526<br \/>\nRB 90 660 FT 600 7125585<\/p>\n","protected":false},"featured_media":4333,"comment_status":"closed","ping_status":"closed","template":"","meta":[],"product_cat":[278,290],"product_tag":[],"class_list":{"0":"post-4523","1":"product","2":"type-product","3":"status-publish","4":"has-post-thumbnail","6":"product_cat-kablo-kanal-sistemleri","7":"product_cat-kanal603","9":"first","10":"instock","11":"shipping-taxable","12":"product-type-grouped","13":"add-to-wishlist-after_add_to_cart"},"_links":{"self":[{"href":"https:\/\/kts.ist\/index.php?rest_route=\/wp\/v2\/product\/4523","targetHints":{"allow":["GET"]}}],"collection":[{"href":"https:\/\/kts.ist\/index.php?rest_route=\/wp\/v2\/product"}],"about":[{"href":"https:\/\/kts.ist\/index.php?rest_route=\/wp\/v2\/types\/product"}],"replies":[{"embeddable":true,"href":"https:\/\/kts.ist\/index.php?rest_route=%2Fwp%2Fv2%2Fcomments&post=4523"}],"wp:featuredmedia":[{"embeddable":true,"href":"https:\/\/kts.ist\/index.php?rest_route=\/wp\/v2\/media\/4333"}],"wp:attachment":[{"href":"https:\/\/kts.ist\/index.php?rest_route=%2Fwp%2Fv2%2Fmedia&parent=4523"}],"wp:term":[{"taxonomy":"product_cat","embeddable":true,"href":"https:\/\/kts.ist\/index.php?rest_route=%2Fwp%2Fv2%2Fproduct_cat&post=4523"},{"taxonomy":"product_tag","embeddable":true,"href":"https:\/\/kts.ist\/index.php?rest_route=%2Fwp%2Fv2%2Fproduct_tag&post=4523"}],"curies":[{"name":"wp","href":"https:\/\/api.w.org\/{rel}","templated":true}]}}