{"id":4514,"date":"2017-07-06T11:09:14","date_gmt":"2017-07-06T08:09:14","guid":{"rendered":"http:\/\/kts.local\/urun\/6063234\/"},"modified":"2025-08-11T18:43:56","modified_gmt":"2025-08-11T15:43:56","slug":"6063234","status":"publish","type":"product","link":"https:\/\/kts.ist\/?product=6063234","title":{"rendered":"6063234"},"content":{"rendered":"","protected":false},"excerpt":{"rendered":"<p>Kablo Kanal\u0131 SKSU<\/p>\n<p>\u00dcr\u00fcn Tan\u0131m\u0131 Geni\u015flik (mm) Kal\u0131nl\u0131k (mm) Y\u00fck Ta\u015f\u0131ma Kapasitesi (kg) \u00dcr\u00fcn Kodu<br \/>\nSKSU 610 FS 100 1,5 260 6063234<br \/>\nSKSU 620 FS 200 1,5 260 6063236<br \/>\nSKSU 630 FS 300 1,5 260 6063238<br \/>\nSKSU 640 FS 400 1,5 260 6063950<br \/>\nSKSU 650 FS 500 1,5 260 6063241<br \/>\nSKSU 660 FS 600 1,5 260 6063276<br \/>\nSKSU 610 FT 100 1,5 260 6064307<br \/>\nSKSU 620 FT 200 1,5 260 6064353<br \/>\nSKSU 630 FT 300 1,5 260 6064409<br \/>\nSKSU 640 FT 400 1,5 260 6064435<br \/>\nSKSU 650 FS 500 1,5 260 6064515<br \/>\nSKSU 660 FS 600 1,5 260 6064523<\/p>\n","protected":false},"featured_media":4342,"comment_status":"closed","ping_status":"closed","template":"","meta":[],"product_cat":[278,288],"product_tag":[],"class_list":{"0":"post-4514","1":"product","2":"type-product","3":"status-publish","4":"has-post-thumbnail","6":"product_cat-kablo-kanal-sistemleri","7":"product_cat-kanal601","9":"first","10":"instock","11":"shipping-taxable","12":"product-type-grouped","13":"add-to-wishlist-after_add_to_cart"},"_links":{"self":[{"href":"https:\/\/kts.ist\/index.php?rest_route=\/wp\/v2\/product\/4514","targetHints":{"allow":["GET"]}}],"collection":[{"href":"https:\/\/kts.ist\/index.php?rest_route=\/wp\/v2\/product"}],"about":[{"href":"https:\/\/kts.ist\/index.php?rest_route=\/wp\/v2\/types\/product"}],"replies":[{"embeddable":true,"href":"https:\/\/kts.ist\/index.php?rest_route=%2Fwp%2Fv2%2Fcomments&post=4514"}],"wp:featuredmedia":[{"embeddable":true,"href":"https:\/\/kts.ist\/index.php?rest_route=\/wp\/v2\/media\/4342"}],"wp:attachment":[{"href":"https:\/\/kts.ist\/index.php?rest_route=%2Fwp%2Fv2%2Fmedia&parent=4514"}],"wp:term":[{"taxonomy":"product_cat","embeddable":true,"href":"https:\/\/kts.ist\/index.php?rest_route=%2Fwp%2Fv2%2Fproduct_cat&post=4514"},{"taxonomy":"product_tag","embeddable":true,"href":"https:\/\/kts.ist\/index.php?rest_route=%2Fwp%2Fv2%2Fproduct_tag&post=4514"}],"curies":[{"name":"wp","href":"https:\/\/api.w.org\/{rel}","templated":true}]}}