{"id":4510,"date":"2017-07-06T11:06:17","date_gmt":"2017-07-06T08:06:17","guid":{"rendered":"http:\/\/kts.local\/urun\/6055052\/"},"modified":"2025-08-11T18:43:56","modified_gmt":"2025-08-11T15:43:56","slug":"6055052","status":"publish","type":"product","link":"https:\/\/kts.ist\/?product=6055052","title":{"rendered":"6055052"},"content":{"rendered":"","protected":false},"excerpt":{"rendered":"<p>Kablo Kanal\u0131 MKS<\/p>\n<p>\u00dcr\u00fcn Tan\u0131m\u0131 Geni\u015flik (mm) Kal\u0131nl\u0131k (mm) Y\u00fck Ta\u015f\u0131ma Kapasitesi (kg) \u00dcr\u00fcn Kodu<br \/>\nMKS 605 FS 50 1 150 6055052<br \/>\nMKS 610 FS 100 1 150 6055109<br \/>\nMKS 615 FS 150 1 150 6055141<br \/>\nMKS 620 FS 200 1 150 6055206<br \/>\nMKS 630 FS 300 1 150 6055303<br \/>\nMKS 640 FS 400 1 150 6055400<br \/>\nMKS 650 FS 500 1 150 6055508<br \/>\nMKS 660 FS 600 1 150 6055524<br \/>\nMKS 605 FT 50 1 150 6055516<br \/>\nMKS 610 FT 100 1 150 6055532<br \/>\nMKS 615 FT 150 1 150 6055559<br \/>\nMKS 620 FT 200 1 150 6055575<br \/>\nMKS 630 FT 300 1 150 6055613<br \/>\nMKS 640 FT 400 1 150 6055664<br \/>\nMKS 650 FT 500 1 150 6055699<br \/>\nMKS 660 FT 600 1 150 6055710<\/p>\n","protected":false},"featured_media":4346,"comment_status":"closed","ping_status":"closed","template":"","meta":[],"product_cat":[278,288],"product_tag":[],"class_list":{"0":"post-4510","1":"product","2":"type-product","3":"status-publish","4":"has-post-thumbnail","6":"product_cat-kablo-kanal-sistemleri","7":"product_cat-kanal601","9":"first","10":"instock","11":"shipping-taxable","12":"product-type-grouped","13":"add-to-wishlist-after_add_to_cart"},"_links":{"self":[{"href":"https:\/\/kts.ist\/index.php?rest_route=\/wp\/v2\/product\/4510","targetHints":{"allow":["GET"]}}],"collection":[{"href":"https:\/\/kts.ist\/index.php?rest_route=\/wp\/v2\/product"}],"about":[{"href":"https:\/\/kts.ist\/index.php?rest_route=\/wp\/v2\/types\/product"}],"replies":[{"embeddable":true,"href":"https:\/\/kts.ist\/index.php?rest_route=%2Fwp%2Fv2%2Fcomments&post=4510"}],"wp:featuredmedia":[{"embeddable":true,"href":"https:\/\/kts.ist\/index.php?rest_route=\/wp\/v2\/media\/4346"}],"wp:attachment":[{"href":"https:\/\/kts.ist\/index.php?rest_route=%2Fwp%2Fv2%2Fmedia&parent=4510"}],"wp:term":[{"taxonomy":"product_cat","embeddable":true,"href":"https:\/\/kts.ist\/index.php?rest_route=%2Fwp%2Fv2%2Fproduct_cat&post=4510"},{"taxonomy":"product_tag","embeddable":true,"href":"https:\/\/kts.ist\/index.php?rest_route=%2Fwp%2Fv2%2Fproduct_tag&post=4510"}],"curies":[{"name":"wp","href":"https:\/\/api.w.org\/{rel}","templated":true}]}}