{"id":4503,"date":"2017-07-06T11:01:14","date_gmt":"2017-07-06T08:01:14","guid":{"rendered":"http:\/\/kts.local\/urun\/6040314\/"},"modified":"2025-08-11T18:43:57","modified_gmt":"2025-08-11T15:43:57","slug":"6040314","status":"publish","type":"product","link":"https:\/\/kts.ist\/?product=6040314","title":{"rendered":"6040314"},"content":{"rendered":"","protected":false},"excerpt":{"rendered":"<p>&#8220;T&#8221; Par\u00e7as\u0131<\/p>\n<p>\u00dcr\u00fcn Tan\u0131m\u0131 Geni\u015flik (mm) \u00dcr\u00fcn Kodu<br \/>\nRAA 90 305 FS 50 6040314<br \/>\nRAA 90 310 FS 100 6040322<br \/>\nRAA 90 320 FS 200 6040349<br \/>\nRAA 90 330 FS 300 6040357<br \/>\nRAA 90 305 FT 50 7120060<br \/>\nRAA 90 310 FT 100 7120117<br \/>\nRAA 90 315 FT 150 7120140<br \/>\nRAA 90 320 FT 200 7120214<br \/>\nRAA 90 330 FT 300 7120311<\/p>\n","protected":false},"featured_media":4351,"comment_status":"closed","ping_status":"closed","template":"","meta":[],"product_cat":[278,286],"product_tag":[],"class_list":{"0":"post-4503","1":"product","2":"type-product","3":"status-publish","4":"has-post-thumbnail","6":"product_cat-kablo-kanal-sistemleri","7":"product_cat-kanal354","9":"first","10":"instock","11":"shipping-taxable","12":"product-type-grouped","13":"add-to-wishlist-after_add_to_cart"},"_links":{"self":[{"href":"https:\/\/kts.ist\/index.php?rest_route=\/wp\/v2\/product\/4503","targetHints":{"allow":["GET"]}}],"collection":[{"href":"https:\/\/kts.ist\/index.php?rest_route=\/wp\/v2\/product"}],"about":[{"href":"https:\/\/kts.ist\/index.php?rest_route=\/wp\/v2\/types\/product"}],"replies":[{"embeddable":true,"href":"https:\/\/kts.ist\/index.php?rest_route=%2Fwp%2Fv2%2Fcomments&post=4503"}],"wp:featuredmedia":[{"embeddable":true,"href":"https:\/\/kts.ist\/index.php?rest_route=\/wp\/v2\/media\/4351"}],"wp:attachment":[{"href":"https:\/\/kts.ist\/index.php?rest_route=%2Fwp%2Fv2%2Fmedia&parent=4503"}],"wp:term":[{"taxonomy":"product_cat","embeddable":true,"href":"https:\/\/kts.ist\/index.php?rest_route=%2Fwp%2Fv2%2Fproduct_cat&post=4503"},{"taxonomy":"product_tag","embeddable":true,"href":"https:\/\/kts.ist\/index.php?rest_route=%2Fwp%2Fv2%2Fproduct_tag&post=4503"}],"curies":[{"name":"wp","href":"https:\/\/api.w.org\/{rel}","templated":true}]}}