{"id":8076,"date":"2024-05-20T15:47:39","date_gmt":"2024-05-20T15:47:39","guid":{"rendered":"http:\/\/kts.local\/?page_id=8076"},"modified":"2025-08-12T10:17:58","modified_gmt":"2025-08-12T07:17:58","slug":"fabrika-ici-kucuk-kanal-sistemleri","status":"publish","type":"page","link":"https:\/\/kts.ist\/?page_id=8076","title":{"rendered":"Fabrika \u0130\u00e7i K\u00fc\u00e7\u00fck Kanal Sistemleri"},"content":{"rendered":"<div class=\"wpb-content-wrapper\"><p>[vc_row css=&#8221;.vc_custom_1715699538373{margin-bottom: 30px !important;}&#8221; conditional_render=&#8221;%5B%7B%22value_role%22%3A%22administrator%22%7D%5D&#8221;][vc_column][vc_custom_heading text=&#8221;Fabrika \u0130\u00e7i K\u00fc\u00e7\u00fck Kanal Sistemleri&#8221; font_container=&#8221;tag:h2|font_size:20px|text_align:left|color:%23ffffff|line_height:1.3em&#8221; use_theme_fonts=&#8221;yes&#8221; font_weight=&#8221;600&#8243; letter_spacing=&#8221;-0.16px&#8221; show_border=&#8221;yes&#8221; border_size=&#8221;xs&#8221; border_color=&#8221;#e7e7e7&#8243; css=&#8221;.vc_custom_1716220051215{padding-top: 11px !important;padding-left: 30px !important;background-color: #ff9e19 !important;}&#8221;]<div class=\"woocommerce columns-3 \"><ul class=\"products products-container grid pcols-lg-3 pcols-md-3 pcols-xs-2 pcols-ls-1 pwidth-lg-3 pwidth-md-3 pwidth-xs-2 pwidth-ls-1 is-shortcode\"\r\n\t data-product_layout=\"product-default\">\r\n\r\n<li class=\"product-col product-default add-to-wishlist-after_add_to_cart product type-product post-4588 status-publish first instock product_cat-fabrika-ici-kucuk-kanal-sistemleri has-post-thumbnail shipping-taxable product-type-grouped\">\r\n<div class=\"product-inner\">\r\n\t\r\n\t<div class=\"product-image\">\r\n\r\n\t\t<a  href=\"https:\/\/kts.ist\/?product=6075096\" aria-label=\"product\">\r\n\t\t\t<div class=\"inner\"><img loading=\"lazy\" decoding=\"async\" width=\"300\" height=\"300\" src=\"https:\/\/kts.ist\/wp-content\/uploads\/2016\/12\/6075096-300x300.jpg\" class=\" wp-post-image\" alt=\"\" \/><\/div>\t\t<\/a>\r\n\t\t\t<\/div>\r\n\r\n\t<div class=\"product-content\">\r\n\t\t<span class=\"category-list\"><a href=\"https:\/\/kts.ist\/?product_cat=fabrika-ici-kucuk-kanal-sistemleri\" rel=\"tag\">Fabrika \u0130\u00e7i K\u00fc\u00e7\u00fck Kanal Sistemleri<\/a><\/span>\r\n\t\t\t<a class=\"product-loop-title\"  href=\"https:\/\/kts.ist\/?product=6075096\">\r\n\t<h3 class=\"woocommerce-loop-product__title\">6075096<\/h3>\t<\/a>\r\n\t\r\n\t\t\r\n\r\n<div class=\"rating-wrap\">\r\n\t<div class=\"rating-content\"><div class=\"star-rating\" title=\"0\"><span style=\"width:0%\"><strong class=\"rating\">0<\/strong> out of 5<\/span><\/div><\/div>\r\n<\/div>\r\n\r\n\n\r\n\t\t<div class=\"add-links-wrap\">\r\n\t<div class=\"add-links clearfix\">\r\n\t\t<a href=\"https:\/\/kts.ist\/?product=6075096\" data-quantity=\"1\" class=\"viewcart-style-3 button product_type_grouped add_to_cart_read_more\" data-product_id=\"4588\" data-product_sku=\"\" aria-label=\"View products in the &ldquo;6075096&rdquo; group\" aria-describedby=\"\" rel=\"nofollow\">View products<\/a>\n<div\n\tclass=\"yith-wcwl-add-to-wishlist add-to-wishlist-4588  wishlist-fragment on-first-load\"\n\tdata-fragment-ref=\"4588\"\n\tdata-fragment-options=\"{&quot;base_url&quot;:&quot;&quot;,&quot;in_default_wishlist&quot;:false,&quot;is_single&quot;:false,&quot;show_exists&quot;:false,&quot;product_id&quot;:4588,&quot;parent_product_id&quot;:4588,&quot;product_type&quot;:&quot;grouped&quot;,&quot;show_view&quot;:false,&quot;browse_wishlist_text&quot;:&quot;Browse wishlist&quot;,&quot;already_in_wishslist_text&quot;:&quot;The product is already in your wishlist!&quot;,&quot;product_added_text&quot;:&quot;\\u00dcr\\u00fcn eklendi!&quot;,&quot;heading_icon&quot;:&quot;fa-heart-o&quot;,&quot;available_multi_wishlist&quot;:false,&quot;disable_wishlist&quot;:false,&quot;show_count&quot;:false,&quot;ajax_loading&quot;:false,&quot;loop_position&quot;:&quot;after_add_to_cart&quot;,&quot;item&quot;:&quot;add_to_wishlist&quot;}\"\n>\n\t\t\t\n\t\t\t<!-- ADD TO WISHLIST -->\n\t\t\t\n<div class=\"yith-wcwl-add-button\">\n\t\t<a\n\t\thref=\"?add_to_wishlist=4588&#038;_wpnonce=cdb78e81b1\"\n\t\tclass=\"add_to_wishlist single_add_to_wishlist\"\n\t\tdata-product-id=\"4588\"\n\t\tdata-product-type=\"grouped\"\n\t\tdata-original-product-id=\"4588\"\n\t\tdata-title=\"Add to wishlist\"\n\t\trel=\"nofollow\"\n\t>\n\t\t<i class=\"yith-wcwl-icon fa fa-heart-o\"><\/i>\t\t<span>Add to wishlist<\/span>\n\t<\/a>\n<\/div>\n\n\t\t\t<!-- COUNT TEXT -->\n\t\t\t\n\t\t\t<\/div>\n<div class=\"quickview\" data-id=\"4588\" title=\"Quick View\">Quick View<\/div>\t<\/div>\r\n\t<\/div>\r\n\n<div\n\tclass=\"yith-wcwl-add-to-wishlist add-to-wishlist-4588  wishlist-fragment on-first-load\"\n\tdata-fragment-ref=\"4588\"\n\tdata-fragment-options=\"{&quot;base_url&quot;:&quot;&quot;,&quot;in_default_wishlist&quot;:false,&quot;is_single&quot;:false,&quot;show_exists&quot;:false,&quot;product_id&quot;:4588,&quot;parent_product_id&quot;:4588,&quot;product_type&quot;:&quot;grouped&quot;,&quot;show_view&quot;:false,&quot;browse_wishlist_text&quot;:&quot;Browse wishlist&quot;,&quot;already_in_wishslist_text&quot;:&quot;The product is already in your wishlist!&quot;,&quot;product_added_text&quot;:&quot;\\u00dcr\\u00fcn eklendi!&quot;,&quot;heading_icon&quot;:&quot;fa-heart-o&quot;,&quot;available_multi_wishlist&quot;:false,&quot;disable_wishlist&quot;:false,&quot;show_count&quot;:false,&quot;ajax_loading&quot;:false,&quot;loop_position&quot;:&quot;after_add_to_cart&quot;,&quot;item&quot;:&quot;add_to_wishlist&quot;}\"\n>\n\t\t\t\n\t\t\t<!-- ADD TO WISHLIST -->\n\t\t\t\n<div class=\"yith-wcwl-add-button\">\n\t\t<a\n\t\thref=\"?add_to_wishlist=4588&#038;_wpnonce=cdb78e81b1\"\n\t\tclass=\"add_to_wishlist single_add_to_wishlist\"\n\t\tdata-product-id=\"4588\"\n\t\tdata-product-type=\"grouped\"\n\t\tdata-original-product-id=\"4588\"\n\t\tdata-title=\"Add to wishlist\"\n\t\trel=\"nofollow\"\n\t>\n\t\t<i class=\"yith-wcwl-icon fa fa-heart-o\"><\/i>\t\t<span>Add to wishlist<\/span>\n\t<\/a>\n<\/div>\n\n\t\t\t<!-- COUNT TEXT -->\n\t\t\t\n\t\t\t<\/div>\n\t<\/div>\r\n<\/div>\r\n<\/li>\r\n\r\n<li class=\"product-col product-default add-to-wishlist-after_add_to_cart product type-product post-4589 status-publish instock product_cat-fabrika-ici-kucuk-kanal-sistemleri has-post-thumbnail shipping-taxable product-type-grouped\">\r\n<div class=\"product-inner\">\r\n\t\r\n\t<div class=\"product-image\">\r\n\r\n\t\t<a  href=\"https:\/\/kts.ist\/?product=6076149\" aria-label=\"product\">\r\n\t\t\t<div class=\"inner\"><img loading=\"lazy\" decoding=\"async\" width=\"300\" height=\"300\" src=\"https:\/\/kts.ist\/wp-content\/uploads\/2016\/12\/6076149-300x300.jpg\" class=\" wp-post-image\" alt=\"\" \/><\/div>\t\t<\/a>\r\n\t\t\t<\/div>\r\n\r\n\t<div class=\"product-content\">\r\n\t\t<span class=\"category-list\"><a href=\"https:\/\/kts.ist\/?product_cat=fabrika-ici-kucuk-kanal-sistemleri\" rel=\"tag\">Fabrika \u0130\u00e7i K\u00fc\u00e7\u00fck Kanal Sistemleri<\/a><\/span>\r\n\t\t\t<a class=\"product-loop-title\"  href=\"https:\/\/kts.ist\/?product=6076149\">\r\n\t<h3 class=\"woocommerce-loop-product__title\">6076149<\/h3>\t<\/a>\r\n\t\r\n\t\t\r\n\r\n<div class=\"rating-wrap\">\r\n\t<div class=\"rating-content\"><div class=\"star-rating\" title=\"0\"><span style=\"width:0%\"><strong class=\"rating\">0<\/strong> out of 5<\/span><\/div><\/div>\r\n<\/div>\r\n\r\n\n\r\n\t\t<div class=\"add-links-wrap\">\r\n\t<div class=\"add-links clearfix\">\r\n\t\t<a href=\"https:\/\/kts.ist\/?product=6076149\" data-quantity=\"1\" class=\"viewcart-style-3 button product_type_grouped add_to_cart_read_more\" data-product_id=\"4589\" data-product_sku=\"\" aria-label=\"View products in the &ldquo;6076149&rdquo; group\" aria-describedby=\"\" rel=\"nofollow\">View products<\/a>\n<div\n\tclass=\"yith-wcwl-add-to-wishlist add-to-wishlist-4589  wishlist-fragment on-first-load\"\n\tdata-fragment-ref=\"4589\"\n\tdata-fragment-options=\"{&quot;base_url&quot;:&quot;&quot;,&quot;in_default_wishlist&quot;:false,&quot;is_single&quot;:false,&quot;show_exists&quot;:false,&quot;product_id&quot;:4589,&quot;parent_product_id&quot;:4589,&quot;product_type&quot;:&quot;grouped&quot;,&quot;show_view&quot;:false,&quot;browse_wishlist_text&quot;:&quot;Browse wishlist&quot;,&quot;already_in_wishslist_text&quot;:&quot;The product is already in your wishlist!&quot;,&quot;product_added_text&quot;:&quot;\\u00dcr\\u00fcn eklendi!&quot;,&quot;heading_icon&quot;:&quot;fa-heart-o&quot;,&quot;available_multi_wishlist&quot;:false,&quot;disable_wishlist&quot;:false,&quot;show_count&quot;:false,&quot;ajax_loading&quot;:false,&quot;loop_position&quot;:&quot;after_add_to_cart&quot;,&quot;item&quot;:&quot;add_to_wishlist&quot;}\"\n>\n\t\t\t\n\t\t\t<!-- ADD TO WISHLIST -->\n\t\t\t\n<div class=\"yith-wcwl-add-button\">\n\t\t<a\n\t\thref=\"?add_to_wishlist=4589&#038;_wpnonce=cdb78e81b1\"\n\t\tclass=\"add_to_wishlist single_add_to_wishlist\"\n\t\tdata-product-id=\"4589\"\n\t\tdata-product-type=\"grouped\"\n\t\tdata-original-product-id=\"4589\"\n\t\tdata-title=\"Add to wishlist\"\n\t\trel=\"nofollow\"\n\t>\n\t\t<i class=\"yith-wcwl-icon fa fa-heart-o\"><\/i>\t\t<span>Add to wishlist<\/span>\n\t<\/a>\n<\/div>\n\n\t\t\t<!-- COUNT TEXT -->\n\t\t\t\n\t\t\t<\/div>\n<div class=\"quickview\" data-id=\"4589\" title=\"Quick View\">Quick View<\/div>\t<\/div>\r\n\t<\/div>\r\n\n<div\n\tclass=\"yith-wcwl-add-to-wishlist add-to-wishlist-4589  wishlist-fragment on-first-load\"\n\tdata-fragment-ref=\"4589\"\n\tdata-fragment-options=\"{&quot;base_url&quot;:&quot;&quot;,&quot;in_default_wishlist&quot;:false,&quot;is_single&quot;:false,&quot;show_exists&quot;:false,&quot;product_id&quot;:4589,&quot;parent_product_id&quot;:4589,&quot;product_type&quot;:&quot;grouped&quot;,&quot;show_view&quot;:false,&quot;browse_wishlist_text&quot;:&quot;Browse wishlist&quot;,&quot;already_in_wishslist_text&quot;:&quot;The product is already in your wishlist!&quot;,&quot;product_added_text&quot;:&quot;\\u00dcr\\u00fcn eklendi!&quot;,&quot;heading_icon&quot;:&quot;fa-heart-o&quot;,&quot;available_multi_wishlist&quot;:false,&quot;disable_wishlist&quot;:false,&quot;show_count&quot;:false,&quot;ajax_loading&quot;:false,&quot;loop_position&quot;:&quot;after_add_to_cart&quot;,&quot;item&quot;:&quot;add_to_wishlist&quot;}\"\n>\n\t\t\t\n\t\t\t<!-- ADD TO WISHLIST -->\n\t\t\t\n<div class=\"yith-wcwl-add-button\">\n\t\t<a\n\t\thref=\"?add_to_wishlist=4589&#038;_wpnonce=cdb78e81b1\"\n\t\tclass=\"add_to_wishlist single_add_to_wishlist\"\n\t\tdata-product-id=\"4589\"\n\t\tdata-product-type=\"grouped\"\n\t\tdata-original-product-id=\"4589\"\n\t\tdata-title=\"Add to wishlist\"\n\t\trel=\"nofollow\"\n\t>\n\t\t<i class=\"yith-wcwl-icon fa fa-heart-o\"><\/i>\t\t<span>Add to wishlist<\/span>\n\t<\/a>\n<\/div>\n\n\t\t\t<!-- COUNT TEXT -->\n\t\t\t\n\t\t\t<\/div>\n\t<\/div>\r\n<\/div>\r\n<\/li>\r\n\r\n<li class=\"product-col product-default add-to-wishlist-after_add_to_cart product type-product post-4590 status-publish last instock product_cat-fabrika-ici-kucuk-kanal-sistemleri has-post-thumbnail shipping-taxable product-type-grouped\">\r\n<div class=\"product-inner\">\r\n\t\r\n\t<div class=\"product-image\">\r\n\r\n\t\t<a  href=\"https:\/\/kts.ist\/?product=6356311\" aria-label=\"product\">\r\n\t\t\t<div class=\"inner\"><img loading=\"lazy\" decoding=\"async\" width=\"300\" height=\"300\" src=\"https:\/\/kts.ist\/wp-content\/uploads\/2016\/12\/6356311-300x300.jpg\" class=\" wp-post-image\" alt=\"\" \/><\/div>\t\t<\/a>\r\n\t\t\t<\/div>\r\n\r\n\t<div class=\"product-content\">\r\n\t\t<span class=\"category-list\"><a href=\"https:\/\/kts.ist\/?product_cat=fabrika-ici-kucuk-kanal-sistemleri\" rel=\"tag\">Fabrika \u0130\u00e7i K\u00fc\u00e7\u00fck Kanal Sistemleri<\/a><\/span>\r\n\t\t\t<a class=\"product-loop-title\"  href=\"https:\/\/kts.ist\/?product=6356311\">\r\n\t<h3 class=\"woocommerce-loop-product__title\">6356311<\/h3>\t<\/a>\r\n\t\r\n\t\t\r\n\r\n<div class=\"rating-wrap\">\r\n\t<div class=\"rating-content\"><div class=\"star-rating\" title=\"0\"><span style=\"width:0%\"><strong class=\"rating\">0<\/strong> out of 5<\/span><\/div><\/div>\r\n<\/div>\r\n\r\n\n\r\n\t\t<div class=\"add-links-wrap\">\r\n\t<div class=\"add-links clearfix\">\r\n\t\t<a href=\"https:\/\/kts.ist\/?product=6356311\" data-quantity=\"1\" class=\"viewcart-style-3 button product_type_grouped add_to_cart_read_more\" data-product_id=\"4590\" data-product_sku=\"\" aria-label=\"View products in the &ldquo;6356311&rdquo; group\" aria-describedby=\"\" rel=\"nofollow\">View products<\/a>\n<div\n\tclass=\"yith-wcwl-add-to-wishlist add-to-wishlist-4590  wishlist-fragment on-first-load\"\n\tdata-fragment-ref=\"4590\"\n\tdata-fragment-options=\"{&quot;base_url&quot;:&quot;&quot;,&quot;in_default_wishlist&quot;:false,&quot;is_single&quot;:false,&quot;show_exists&quot;:false,&quot;product_id&quot;:4590,&quot;parent_product_id&quot;:4590,&quot;product_type&quot;:&quot;grouped&quot;,&quot;show_view&quot;:false,&quot;browse_wishlist_text&quot;:&quot;Browse wishlist&quot;,&quot;already_in_wishslist_text&quot;:&quot;The product is already in your wishlist!&quot;,&quot;product_added_text&quot;:&quot;\\u00dcr\\u00fcn eklendi!&quot;,&quot;heading_icon&quot;:&quot;fa-heart-o&quot;,&quot;available_multi_wishlist&quot;:false,&quot;disable_wishlist&quot;:false,&quot;show_count&quot;:false,&quot;ajax_loading&quot;:false,&quot;loop_position&quot;:&quot;after_add_to_cart&quot;,&quot;item&quot;:&quot;add_to_wishlist&quot;}\"\n>\n\t\t\t\n\t\t\t<!-- ADD TO WISHLIST -->\n\t\t\t\n<div class=\"yith-wcwl-add-button\">\n\t\t<a\n\t\thref=\"?add_to_wishlist=4590&#038;_wpnonce=cdb78e81b1\"\n\t\tclass=\"add_to_wishlist single_add_to_wishlist\"\n\t\tdata-product-id=\"4590\"\n\t\tdata-product-type=\"grouped\"\n\t\tdata-original-product-id=\"4590\"\n\t\tdata-title=\"Add to wishlist\"\n\t\trel=\"nofollow\"\n\t>\n\t\t<i class=\"yith-wcwl-icon fa fa-heart-o\"><\/i>\t\t<span>Add to wishlist<\/span>\n\t<\/a>\n<\/div>\n\n\t\t\t<!-- COUNT TEXT -->\n\t\t\t\n\t\t\t<\/div>\n<div class=\"quickview\" data-id=\"4590\" title=\"Quick View\">Quick View<\/div>\t<\/div>\r\n\t<\/div>\r\n\n<div\n\tclass=\"yith-wcwl-add-to-wishlist add-to-wishlist-4590  wishlist-fragment on-first-load\"\n\tdata-fragment-ref=\"4590\"\n\tdata-fragment-options=\"{&quot;base_url&quot;:&quot;&quot;,&quot;in_default_wishlist&quot;:false,&quot;is_single&quot;:false,&quot;show_exists&quot;:false,&quot;product_id&quot;:4590,&quot;parent_product_id&quot;:4590,&quot;product_type&quot;:&quot;grouped&quot;,&quot;show_view&quot;:false,&quot;browse_wishlist_text&quot;:&quot;Browse wishlist&quot;,&quot;already_in_wishslist_text&quot;:&quot;The product is already in your wishlist!&quot;,&quot;product_added_text&quot;:&quot;\\u00dcr\\u00fcn eklendi!&quot;,&quot;heading_icon&quot;:&quot;fa-heart-o&quot;,&quot;available_multi_wishlist&quot;:false,&quot;disable_wishlist&quot;:false,&quot;show_count&quot;:false,&quot;ajax_loading&quot;:false,&quot;loop_position&quot;:&quot;after_add_to_cart&quot;,&quot;item&quot;:&quot;add_to_wishlist&quot;}\"\n>\n\t\t\t\n\t\t\t<!-- ADD TO WISHLIST -->\n\t\t\t\n<div class=\"yith-wcwl-add-button\">\n\t\t<a\n\t\thref=\"?add_to_wishlist=4590&#038;_wpnonce=cdb78e81b1\"\n\t\tclass=\"add_to_wishlist single_add_to_wishlist\"\n\t\tdata-product-id=\"4590\"\n\t\tdata-product-type=\"grouped\"\n\t\tdata-original-product-id=\"4590\"\n\t\tdata-title=\"Add to wishlist\"\n\t\trel=\"nofollow\"\n\t>\n\t\t<i class=\"yith-wcwl-icon fa fa-heart-o\"><\/i>\t\t<span>Add to wishlist<\/span>\n\t<\/a>\n<\/div>\n\n\t\t\t<!-- COUNT TEXT -->\n\t\t\t\n\t\t\t<\/div>\n\t<\/div>\r\n<\/div>\r\n<\/li>\r\n<\/ul>\r\n<\/div>[\/vc_column][\/vc_row]<\/p>\n<\/div>","protected":false},"excerpt":{"rendered":"<p>[vc_row css=&#8221;.vc_custom_1715699538373{margin-bottom: 30px !important;}&#8221; conditional_render=&#8221;%5B%7B%22value_role%22%3A%22administrator%22%7D%5D&#8221;][vc_column][vc_custom_heading text=&#8221;Fabrika \u0130\u00e7i K\u00fc\u00e7\u00fck Kanal Sistemleri&#8221; font_container=&#8221;tag:h2|font_size:20px|text_align:left|color:%23ffffff|line_height:1.3em&#8221; use_theme_fonts=&#8221;yes&#8221; font_weight=&#8221;600&#8243; letter_spacing=&#8221;-0.16px&#8221; show_border=&#8221;yes&#8221; border_size=&#8221;xs&#8221; border_color=&#8221;#e7e7e7&#8243; css=&#8221;.vc_custom_1716220051215{padding-top: 11px !important;padding-left: 30px !important;background-color: #ff9e19 !important;}&#8221;][\/vc_column][\/vc_row]<\/p>\n","protected":false},"author":1,"featured_media":0,"parent":0,"menu_order":0,"comment_status":"closed","ping_status":"closed","template":"","meta":{"footnotes":""},"class_list":["post-8076","page","type-page","status-publish","hentry"],"_links":{"self":[{"href":"https:\/\/kts.ist\/index.php?rest_route=\/wp\/v2\/pages\/8076","targetHints":{"allow":["GET"]}}],"collection":[{"href":"https:\/\/kts.ist\/index.php?rest_route=\/wp\/v2\/pages"}],"about":[{"href":"https:\/\/kts.ist\/index.php?rest_route=\/wp\/v2\/types\/page"}],"author":[{"embeddable":true,"href":"https:\/\/kts.ist\/index.php?rest_route=\/wp\/v2\/users\/1"}],"replies":[{"embeddable":true,"href":"https:\/\/kts.ist\/index.php?rest_route=%2Fwp%2Fv2%2Fcomments&post=8076"}],"version-history":[{"count":1,"href":"https:\/\/kts.ist\/index.php?rest_route=\/wp\/v2\/pages\/8076\/revisions"}],"predecessor-version":[{"id":8595,"href":"https:\/\/kts.ist\/index.php?rest_route=\/wp\/v2\/pages\/8076\/revisions\/8595"}],"wp:attachment":[{"href":"https:\/\/kts.ist\/index.php?rest_route=%2Fwp%2Fv2%2Fmedia&parent=8076"}],"curies":[{"name":"wp","href":"https:\/\/api.w.org\/{rel}","templated":true}]}}